of q**4/2 + 16*q**3/3 - 2*q**2 + 8*q - 222. Is v(4) a multiple of 47?
True
Let s(q) = -6 - 28*q + 0 - 15. Let x be s(-11). Suppose x + 231 = 7*i. Is i a multiple of 37?
True
Suppose -t + 5*i = 4*i - 2, 2*t = -2*i + 4. Let n be -6 + (t - 1 - -2) - 6. Does 10 divide 20/90 + ((-250)/n - -2)?
True
Let z = -6352 - -10879. Is z a multiple of 8?
False
Does 4 divide (3/12)/((-35)/140)*-4397?
False
Let n(y) = 2*y**2 - 3*y + 69. Let l be n(16). Let b = -373 + l. Does 17 divide b?
False
Let k = 51 - 51. Suppose q + 3*b = 84, -3*q = -0*q + b - 252. Suppose k = y + y - q. Is y a multiple of 14?
True
Let i(h) = 2*h**2 - 12*h + 4. Let k be i(6). Let v(t) = 44*t - 61. Does 23 divide v(k)?
True
Let b be (-2146)/(-14) + 6/(-105)*5. Let c be (-106 + 2 + 2)/1. Let d = c + b. Is d a multiple of 5?
False
Suppose -25*m + 30*m = -1035. Let f = m - -340. Is 3 a factor of f?
False
Suppose -t = -88 - 20. Let d be t/(-7) + (-2)/(42/(-9)). Is 9 a factor of (d/6)/((-2)/36)?
True
Suppose 5*d = -433 + 448. Is 22 a factor of (-2813)/(-8) + d/8?
True
Suppose -4*i - 2 = -3*s, 5*i + 28 = 4*s + 6*i. Suppose -54 = -4*t + s. Is 9 a factor of t?
False
Suppose 0 = 5*h - 716 + 701. Suppose 4*u - u = -v + 2659, 5*u - h*v - 4455 = 0. Is u a multiple of 50?
False
Let d(l) = l**3 + 10*l**2 - l - 10. Let x be d(-10). Let v be (x - -3) + (-16 - -2). Let g = 27 + v. Does 7 divide g?
False
Let x be 32/12*(-39)/(-4). Suppose 4*i = -i - r + x, -5*r = -2*i + 5. Suppose 4*v + 507 = i*n, -5*v = -2*n - 0*v + 213. Is 33 a factor of n?
True
Suppose 71640 = 3*w + 2*i, -w + 64*i - 63*i + 23890 = 0. Does 7 divide w?
True
Let t = 11889 - -29543. Is 24 a factor of t?
False
Suppose 12 = -9*b + 30. Suppose 684 = r - 4*f, 0 = -b*r - f + 506 + 862. Does 18 divide r?
True
Does 3 divide -4 - (-6)/(-18)*-3606?
False
Let y(b) = b**3 + 10*b**2 + b - 12. Suppose 5*a - 2*n + 19 = 0, 2*a - 4*n = 5*a + 27. Is y(a) a multiple of 9?
True
Is 196 a factor of (219/9 + (-51)/18 + 3)*32?
True
Suppose 0 = -601*s + 613*s - 23256. Is 34 a factor of s?
True
Let r = 710 - -236. Suppose r = -16*o + 4530. Is 14 a factor of o?
True
Let v = -25 + 20. Let l(s) = -4*s**2 - 4*s + 13. Let y be l(v). Let j = y + 139. Is 9 a factor of j?
True
Let a = 95 - 72. Suppose l + a = 3*f, -3*l + 4*f - 70 + 11 = 0. Does 19 divide l/34*(-61 + -1)?
False
Suppose 9 - 39 = -5*c. Suppose -2*y = -y - c*y. Suppose y = -0*o + 3*o - 108. Does 2 divide o?
True
Suppose 5*n = -0*n - 10. Let g(m) be the first derivative of -m**4 + m**2 + 4*m + 79. Is g(n) a multiple of 4?
True
Suppose 18*o - 15615 = 3*o. Suppose -91*l - o = -94*l. Does 40 divide l?
False
Let j be 4/(-14) - -1*3510/35. Is 13 a factor of (-40)/j*(-1 + 2 + -486)?
False
Suppose -2*f = -5*s + 1174, 3*s - 6*s + 702 = -2*f. Let i = -143 + s. Suppose 3*l + 0*l - i = 0. Does 31 divide l?
True
Let t(c) = -c**3 + 5*c**2 - 4*c + 5. Let m be t(2). Suppose m = 2*h - 17. Suppose h*x - 8*x = 90. Does 6 divide x?
True
Let q(z) = -z**3 + 6*z**2 - 2*z + 13. Let b(h) = -h + 31. Let l be b(25). Let i be q(l). Let v(f) = 20*f**2 + 5*f - 4. Is v(i) a multiple of 21?
True
Is ((-66)/8)/(11/(-220)) + (1 - -6) a multiple of 4?
True
Let u(t) = 6*t**3 - 152*t**2 + 136*t + 16. Is u(26) a multiple of 68?
True
Let i(j) = -j**3 - 2*j**2 - 3. Let h be i(-3). Let y(b) = 2*b**2 - 47*b - 76. Let o be y(29). Suppose -2*t + o = q, 2*t - 247 = q - h*q. Is t a multiple of 16?
False
Let j = 310 - 307. Is 23 a factor of 2893/7 + j*10/(-105)?
False
Let r = 299 - 357. Suppose -515 = 3*g + 2*g. Let o = r - g. Does 7 divide o?
False
Let o(u) = -45*u - 51. Let k be o(-27). Suppose v - 845 = -2*l, -5*v - 519 = -4*l + k. Does 61 divide l?
False
Let r be (-20)/(-4) + -3 + -4. Is 3 a factor of (-5 + 413/28)/(r/(-8))?
True
Suppose 1001 + 807 = 4*c. Let y(d) = -2*d**2 + 15*d + 116. Let i be y(12). Suppose i*p - 412 = c. Is p a multiple of 36?
True
Let h = 5 - 2. Let c(s) = -36 + s - h*s - 2*s. Is 8 a factor of c(-18)?
False
Let g = 46 - 38. Suppose -12 + g = -x. Let r(q) = 13*q - 12. Does 5 divide r(x)?
True
Suppose -113*l = 15*l - 232192. Is l a multiple of 71?
False
Let x(w) = w**3 + 3*w**2 - 10*w + 1. Let u be x(-5). Suppose 3*b - 5*t = 132, 4*t - u = 11. Is 6/(-21) + 1239/b a multiple of 25?
True
Suppose 964*f - 970*f = -34170. Is f a multiple of 9?
False
Let u(y) = 7498*y**2 + 458*y + 1. Is u(1) a multiple of 17?
False
Suppose -2*s = -3*a, -3*a - 3*s = -2*a. Suppose 8*m - 3*m + 6053 = 4*u, 4538 = 3*u - 2*m. Suppose a = -9*r + r + u. Does 12 divide r?
False
Suppose -5*y + 16 - 3 = 4*p, 23 = 4*y - p. Suppose -y*n + b - 351 = -2*b, -4*n - 266 = 5*b. Let x = n + 132. Does 18 divide x?
False
Let h be (-142)/((-7)/((-63)/(-6))). Suppose 3*i - 259 = -4*s + h, 3*i + 2*s = 482. Is 9 a factor of (-3)/(36/i)*-3?
False
Suppose -3*q + 1616 = -4*x + 2*q, -4*x = 4*q + 1616. Let n = -116 - x. Suppose -486 - n = -9*k. Is 28 a factor of k?
False
Suppose -344*w + 1064924 = 188412. Is w a multiple of 7?
True
Let g be -32*(6/36)/((-3)/(-63)). Let a = 349 + g. Does 11 divide a?
False
Let k(m) = 42*m**3 - 7*m**2 - 21*m - 47. Let f(x) = -42*x**3 + 9*x**2 + 21*x + 48. Let v(d) = -4*f(d) - 5*k(d). Is v(-3) a multiple of 36?
False
Is ((10 - 5)/(-1))/(2 + (-93175)/46585) a multiple of 35?
True
Let y = 5055 + 5807. Is y a multiple of 12?
False
Suppose 4*u - 45705 = -8*u + 18795. Is u a multiple of 215?
True
Suppose 15 = 2*l - f - 2*f, -5*l - 5*f = 0. Suppose -2*q + 2*u = -16, -q - 5*u = q + 12. Suppose -3*k = -4*g - q*k + 901, 3*g = l*k + 657. Does 32 divide g?
True
Let r be 0 + 15/10*232/6. Let y be (r - -1) + (-2)/(-1). Let u = -27 + y. Is 18 a factor of u?
False
Let m = 17449 - 10777. Is m a multiple of 139?
True
Let y(m) be the first derivative of -26*m**2 - 8*m - 134. Let q = -7 - -5. Is 6 a factor of y(q)?
True
Let t = -30444 + 73375. Is 12 a factor of t?
False
Suppose -d - d - 5*h = 42, -86 = 5*d + 3*h. Let v be 5 + 9/(36/d). Let r = v - -50. Does 17 divide r?
True
Suppose -77*c - 103*c + 1696320 = 0. Is c a multiple of 12?
False
Suppose -4*r = 3*j + 1383 - 38852, 4*r - 37445 = 5*j. Does 180 divide r?
False
Let a(v) = 6*v**2 - 84*v - 60. Is a(19) a multiple of 17?
True
Let c(f) = 5*f - 11. Suppose -3*o + 12 = 2*a, 0*a - 2*o = -3*a + 5. Let g be c(a). Suppose -6*i + 5*i + 8 = g*w, 2*i - 23 = -w. Is 2 a factor of i?
True
Suppose -9633 = 17*d - 21549 - 22016. Is d a multiple of 43?
False
Let m be (-493)/(-87) - (-1)/3. Does 20 divide (m + -2)/(4 + 379/(-95))?
True
Suppose 53*x - 48136 = 309494 - 66395. Is x a multiple of 35?
True
Let r(v) be the second derivative of 5*v**4/12 + 7*v**3/6 - 10*v**2 + 80*v. Is 15 a factor of r(-6)?
False
Let g(d) = 8*d**2 - 58 - 2*d - 2*d**2 + 13*d. Does 23 divide g(8)?
True
Does 6 divide 10051 + 6 + 0 - -1?
False
Let v = 83 - 82. Suppose -v = c - 38. Is c a multiple of 4?
False
Let y = 16088 + -15890. Is y a multiple of 18?
True
Suppose 5*n - 23390 = -5*m + 3*m, -2*m + 23358 = -3*n. Is 72 a factor of m?
False
Is 130/3250 + 64122/75 a multiple of 10?
False
Suppose 7*o + 6 - 34 = 0. Suppose 1420 = 8*p - 5*p - o*y, 10 = 2*y. Is p a multiple of 80?
True
Let c = 92 + -89. Is c/(-30) - ((-136108)/40)/7 a multiple of 17?
False
Let m(x) = 2*x**2 + 38*x - 160. Does 166 divide m(-56)?
True
Suppose -5*z - 5*z = -9981 - 39019. Does 175 divide z?
True
Suppose 27 = -2*x - 3*m - 61, 0 = -4*x - 5*m - 176. Is 26 a factor of 4013/11 + x/(-242)?
False
Suppose -5*y - 13*a + 16305 = -18*a, y - 3*a = 3273. Does 93 divide y?
True
Let s(c) = 2*c**2 + 13*c - 70. Suppose 23 = 3*d - x - 18, -x + 11 = d. Does 70 divide s(d)?
False
Let v(q) = q**2 + 3*q - 50. Let j be v(7). Suppose -24*p + j*p = -1724. Does 16 divide p?
False
Let u = -51 + 49. Let y be (u - -19)/(4/24). Suppose -h - y = -2*b + h, 5*b + 5*h = 225. Is 6 a factor of b?
True
Let g(r) = -17*r + 2319. Is 9 a factor of g(-43)?
False
Let k(x) = x**3 + 26*x**2 + 24*x + 52. Let y be k(-25). Suppose 8*s - 27 - y = 0. Is s a multiple of 5?
False
Suppose -8*k + 39*k = -24955. Let z = -774 - k. Is z even?
False
Suppose 0 = -25*g + 19776 + 22024. Is g a multiple of 14?
False
Let i = -12509 + 34892. Is 27 a factor of i?
True
Let j = 25 + -22. Let v be j*1 + (8 - 5) + -2. Suppose -2*d - 5*p + 59 = d, -2*d + v*p = -10. Is 7 a factor of d?
False
Let c(d) = -d + 156. Let o = 258 + -254. Is c(o) a multiple of 4?
T